Warning: file(http://www.wunderground.com/climate/extremes.asp): failed to open stream: HTTP request failed! HTTP/1.0 500 Internal Server Error in /homepages/6/d330860172/htdocs/usaextremes.php on line 55

Warning: implode(): Invalid arguments passed in /homepages/6/d330860172/htdocs/usaextremes.php on line 55

NOAA Style Climate Reports for Lebanon, TN

NOAA style reports

NOAA-style Climate Reports

2018: Jan | Feb | Mar | Apr | May | Jun | Jul | Aug | Sep | Oct | Nov | Dec 
2017: Jan | Feb | Mar | Apr | May | Jun | Jul | Aug | Sep | Oct | Nov | Dec 
2016: Jan | Feb | Mar | Apr | May | Jun | Jul | Aug | Sep | Oct | Nov | Dec 
2015: Jan | Feb | Mar | Apr | May | Jun | Jul | Aug | Sep | Oct | Nov | Dec 
2014: Jan | Feb | Mar | Apr | May | Jun | Jul | Aug | Sep | Oct | Nov | Dec 
2013: Jan | Feb | Mar | Apr | May | Jun | Jul | Aug | Sep | Oct | Nov | Dec 
2012: Jan | Feb | Mar | Apr | May | Jun | Jul | Aug | Sep | Oct | Nov | Dec 
2011: Jan | Feb | Mar | Apr | May | Jun | Jul | Aug | Sep | Oct | Nov | Dec 
2010: Jan | Feb | Mar | Apr | May | Jun | Jul | Aug | Sep | Oct | Nov | Dec 
2009: Jan | Feb | Mar | Apr | May | Jun | Jul | Aug | Sep | Oct | Nov | Dec 
2008: Jan | Feb | Mar | Apr | May | Jun | Jul | Aug | Sep | Oct | Nov | Dec 
2007: Jan | Feb | Mar | Apr | May | Jun | Jul | Aug | Sep | Oct | Nov | Dec 
2006: Jan | Feb | Mar | Apr | May | Jun | Jul | Aug | Sep | Oct | Nov | Dec 
2005: Jan | Feb | Mar | Apr | May | Jun | Jul | Aug | Sep | Oct | Nov | Dec 
2004: Jan | Feb | Mar | Apr | May | Jun | Jul | Aug | Sep | Oct | Nov | Dec 
2003: Jan | Feb | Mar | Apr | May | Jun | Jul | Aug | Sep | Oct | Nov | Dec 
2002: Jan | Feb | Mar | Apr | May | Jun | Jul | Aug | Sep | Oct | Nov | Dec 
2001: Jan | Feb | Mar | Apr | May | Jun | Jul | Aug | Sep | Oct | Nov | Dec 
2000: Jan | Feb | Mar | Apr | May | Jun | Jul | Aug | Sep | Oct | Nov | Dec 
1999: Jan | Feb | Mar | Apr | May | Jun | Jul | Aug | Sep | Oct | Nov | Dec 
1998: Jan | Feb | Mar | Apr | May | Jun | Jul | Aug | Sep | Oct | Nov | Dec 
1997: Jan | Feb | Mar | Apr | May | Jun | Jul | Aug | Sep | Oct | Nov | Dec 
1996: Jan | Feb | Mar | Apr | May | Jun | Jul | Aug | Sep | Oct | Nov | Dec 
1995: Jan | Feb | Mar | Apr | May | Jun | Jul | Aug | Sep | Oct | Nov | Dec 

Report for 2017 11
MONTHLY CLIMATOLOGICAL SUMMARY for NOV. 2017 NAME: HornSpri CITY: Lebanon STATE: TN ELEV: 612 ft LAT: 36 14' 05" N LONG: 86 22' 55" W TEMPERATURE (F), RAIN (in), WIND SPEED (mph) HEAT COOL AVG MEAN DEG DEG WIND DOM DAY TEMP HIGH TIME LOW TIME DAYS DAYS RAIN SPEED HIGH TIME DIR ------------------------------------------------------------------------------------ 1 56.3 64.8 15:10 47.8 7:56 8.7 0.0 0.04 1.4 13.0 16:33 SSE 2 66.1 71.1 15:31 61.0 0:01 0.0 1.1 0.00 3.2 14.0 3:35 SSE 3 67.6 71.6 15:48 63.6 9:40 0.0 2.6 0.28 1.8 12.0 1:05 S 4 70.9 78.8 15:41 62.9 3:41 0.0 5.9 0.00 1.0 9.0 12:13 SSW 5 73.3 79.7 13:42 66.8 5:40 0.0 8.3 0.00 3.8 20.0 13:18 S 6 64.2 71.0 0:01 57.3 20:23 0.8 0.0 0.64 2.1 14.0 0:16 NW 7 53.7 59.6 6:07 47.8 23:54 11.3 0.0 0.75 2.0 12.0 13:15 NW 8 49.9 53.6 14:18 46.3 6:32 15.1 0.0 0.00 2.3 13.0 3:06 NNE 9 50.4 61.9 14:33 38.9 23:56 14.6 0.0 0.00 1.5 22.0 12:46 NW 10 43.1 51.4 14:13 34.8 23:49 21.9 0.0 0.00 3.0 20.0 11:09 NE 11 45.8 62.2 15:24 29.5 5:27 19.2 0.0 0.00 1.3 10.0 12:31 NE 12 52.5 55.4 13:45 49.5 3:42 12.5 0.0 0.00 1.7 13.0 22:34 SSW 13 46.5 50.5 0:01 42.4 22:07 18.5 0.0 0.00 2.7 13.0 5:13 NE 14 47.5 60.9 15:36 34.1 6:57 17.5 0.0 0.00 1.1 12.0 8:39 ENE 15 46.8 55.3 12:50 38.4 2:48 18.2 0.0 0.07 2.0 16.0 12:46 S 16 48.3 59.1 15:22 37.5 00:00 16.7 0.0 0.00 1.0 11.0 14:07 W 17 48.9 66.2 14:29 31.7 5:41 16.1 0.0 0.00 2.3 14.0 18:38 SSE 18 54.8 66.5 13:32 43.1 22:55 10.2 0.0 0.31 7.3 34.0 18:39 S 19 37.0 46.2 14:20 27.7 23:58 28.0 0.0 0.00 3.1 19.0 1:07 WNW 20 39.8 55.8 15:02 23.8 6:57 25.2 0.0 0.00 0.8 8.0 23:03 S 21 49.8 60.4 15:26 39.2 23:52 15.2 0.0 0.00 2.1 15.0 10:22 S 22 38.7 49.1 14:27 28.2 23:58 26.3 0.0 0.00 3.0 18.0 14:30 NNW 23 39.2 54.7 14:57 23.7 6:31 25.8 0.0 0.00 0.5 12.0 14:56 NNE 24 45.5 63.1 14:46 27.9 6:56 19.5 0.0 0.00 1.9 22.0 14:27 S 25 52.2 65.7 14:25 38.7 23:18 12.8 0.0 0.00 2.7 20.0 14:28 NW 26 46.3 60.3 14:42 32.4 7:08 18.7 0.0 0.00 1.1 17.0 13:42 NW 27 47.1 64.8 15:10 29.4 5:54 17.9 0.0 0.00 0.3 7.0 12:51 ENE 28 51.0 67.2 13:50 34.8 6:35 14.0 0.0 0.00 1.9 16.0 11:33 S 29 52.9 68.8 14:54 36.9 5:54 12.1 0.0 0.00 0.6 11.0 19:12 E 30 54.1 62.1 13:10 46.1 23:58 10.9 0.0 0.07 1.3 16.0 19:02 NW ------------------------------------------------------------------------------------- 51.3 79.7 5 23.7 23 427.8 17.8 2.16 2.0 34.0 18 S Max >= 90.0: 0 Max <= 32.0: 0 Min <= 32.0: 8 Min <= 0.0: 0 Max Rain: 0.75 ON 11/07/17 Days of Rain: 7 (>.01 in) 4 (>.1 in) 0 (>1 in) Heat Base: 65.0 Cool Base: 65.0 Method: (High + Low) / 2