Warning: file(http://www.wunderground.com/climate/extremes.asp): failed to open stream: HTTP request failed! HTTP/1.0 500 Internal Server Error in /homepages/6/d330860172/htdocs/usaextremes.php on line 55

Warning: implode(): Invalid arguments passed in /homepages/6/d330860172/htdocs/usaextremes.php on line 55

NOAA Style Climate Reports for Lebanon, TN

NOAA style reports

NOAA-style Climate Reports

2018: Jan | Feb | Mar | Apr | May | Jun | Jul | Aug | Sep | Oct | Nov | Dec 
2017: Jan | Feb | Mar | Apr | May | Jun | Jul | Aug | Sep | Oct | Nov | Dec 
2016: Jan | Feb | Mar | Apr | May | Jun | Jul | Aug | Sep | Oct | Nov | Dec 
2015: Jan | Feb | Mar | Apr | May | Jun | Jul | Aug | Sep | Oct | Nov | Dec 
2014: Jan | Feb | Mar | Apr | May | Jun | Jul | Aug | Sep | Oct | Nov | Dec 
2013: Jan | Feb | Mar | Apr | May | Jun | Jul | Aug | Sep | Oct | Nov | Dec 
2012: Jan | Feb | Mar | Apr | May | Jun | Jul | Aug | Sep | Oct | Nov | Dec 
2011: Jan | Feb | Mar | Apr | May | Jun | Jul | Aug | Sep | Oct | Nov | Dec 
2010: Jan | Feb | Mar | Apr | May | Jun | Jul | Aug | Sep | Oct | Nov | Dec 
2009: Jan | Feb | Mar | Apr | May | Jun | Jul | Aug | Sep | Oct | Nov | Dec 
2008: Jan | Feb | Mar | Apr | May | Jun | Jul | Aug | Sep | Oct | Nov | Dec 
2007: Jan | Feb | Mar | Apr | May | Jun | Jul | Aug | Sep | Oct | Nov | Dec 
2006: Jan | Feb | Mar | Apr | May | Jun | Jul | Aug | Sep | Oct | Nov | Dec 
2005: Jan | Feb | Mar | Apr | May | Jun | Jul | Aug | Sep | Oct | Nov | Dec 
2004: Jan | Feb | Mar | Apr | May | Jun | Jul | Aug | Sep | Oct | Nov | Dec 
2003: Jan | Feb | Mar | Apr | May | Jun | Jul | Aug | Sep | Oct | Nov | Dec 
2002: Jan | Feb | Mar | Apr | May | Jun | Jul | Aug | Sep | Oct | Nov | Dec 
2001: Jan | Feb | Mar | Apr | May | Jun | Jul | Aug | Sep | Oct | Nov | Dec 
2000: Jan | Feb | Mar | Apr | May | Jun | Jul | Aug | Sep | Oct | Nov | Dec 
1999: Jan | Feb | Mar | Apr | May | Jun | Jul | Aug | Sep | Oct | Nov | Dec 
1998: Jan | Feb | Mar | Apr | May | Jun | Jul | Aug | Sep | Oct | Nov | Dec 
1997: Jan | Feb | Mar | Apr | May | Jun | Jul | Aug | Sep | Oct | Nov | Dec 
1996: Jan | Feb | Mar | Apr | May | Jun | Jul | Aug | Sep | Oct | Nov | Dec 
1995: Jan | Feb | Mar | Apr | May | Jun | Jul | Aug | Sep | Oct | Nov | Dec 

Report for 2017 12
MONTHLY CLIMATOLOGICAL SUMMARY for DEC. 2017 NAME: HornSpri CITY: Lebanon STATE: TN ELEV: 612 ft LAT: 36 14' 05" N LONG: 86 22' 55" W TEMPERATURE (F), RAIN (in), WIND SPEED (mph) HEAT COOL AVG MEAN DEG DEG WIND DOM DAY TEMP HIGH TIME LOW TIME DAYS DAYS RAIN SPEED HIGH TIME DIR ------------------------------------------------------------------------------------ 1 48.5 61.4 14:31 35.5 7:08 16.5 0.0 0.00 0.8 10.0 12:29 NNW 2 52.6 65.3 15:22 39.8 23:55 12.4 0.0 0.00 0.5 10.0 11:57 W 3 49.8 65.3 15:12 34.3 7:01 15.2 0.0 0.00 0.8 10.0 11:33 E 4 56.6 68.2 13:16 45.1 1:34 8.4 0.0 0.00 3.7 19.0 11:06 S 5 47.7 63.4 4:23 32.0 23:44 17.3 0.0 0.43 4.1 21.0 4:18 S 6 38.6 46.0 13:00 31.2 4:58 26.4 0.0 0.00 1.1 11.0 12:11 WSW 7 35.7 43.2 12:16 28.1 23:19 29.3 0.0 0.00 2.5 14.0 11:56 NW 8 30.4 34.4 13:00 26.3 23:59 34.7 0.0 0.00 1.3 10.0 16:12 N 9 29.2 37.0 12:04 21.4 4:17 35.8 0.0 0.00 3.6 31.0 16:49 SSW 10 34.7 47.7 15:23 21.7 6:25 30.3 0.0 0.00 2.9 20.0 12:04 SSW 11 46.3 59.2 14:39 33.3 6:37 18.8 0.0 0.00 3.3 20.0 22:32 SSW 12 36.3 49.1 0:05 23.4 00:00 28.8 0.0 0.00 5.1 32.0 5:10 WNW 13 35.3 49.3 15:15 21.3 2:32 29.7 0.0 0.00 4.0 20.0 12:45 SSW 14 36.7 42.4 0:01 30.9 7:29 28.3 0.0 0.00 2.0 14.0 3:45 NW 15 35.8 40.4 14:57 31.2 6:36 29.2 0.0 0.00 2.6 15.0 10:48 WNW 16 41.3 52.1 14:08 30.5 2:43 23.7 0.0 0.00 3.0 18.0 12:54 S 17 43.2 46.2 12:07 40.1 7:01 21.8 0.0 0.09 1.0 13.0 6:57 E 18 46.5 52.5 16:10 40.5 21:37 18.5 0.0 0.00 1.1 10.0 12:19 SW 19 49.2 57.2 12:52 41.1 0:10 15.8 0.0 0.10 1.4 11.0 10:12 SSW 20 50.2 54.1 11:18 46.2 23:27 14.8 0.0 0.82 3.1 15.0 9:34 NE 21 50.7 57.3 15:02 44.1 3:51 14.3 0.0 0.00 1.7 12.0 15:12 S 22 57.1 59.3 14:41 54.9 4:46 7.9 0.0 0.80 2.8 13.0 1:27 S 23 53.8 68.0 3:42 39.7 20:36 11.2 0.0 1.58 3.2 25.0 9:03 NW 24 35.2 41.9 10:59 28.4 23:58 29.8 0.0 0.02 3.7 26.0 16:29 SW 25 28.2 32.8 14:33 23.6 7:25 36.8 0.0 0.00 2.6 20.0 0:25 NW 26 35.0 41.1 14:23 29.0 23:56 30.0 0.0 0.00 2.9 13.0 9:30 NE 27 23.3 30.0 15:13 16.6 00:00 41.7 0.0 0.00 4.3 16.0 4:27 NNW 28 25.5 37.1 15:54 14.0 5:17 39.5 0.0 0.00 2.0 13.0 7:44 NE 29 27.8 39.6 15:41 15.9 7:04 37.3 0.0 0.00 0.6 8.0 9:53 ESE 30 27.8 36.8 11:37 18.9 23:56 37.2 0.0 0.00 3.1 17.0 19:31 NW 31 19.3 25.4 13:01 13.2 23:44 45.7 0.0 0.00 4.8 19.0 14:40 NNW ------------------------------------------------------------------------------------- 39.6 68.2 4 13.2 31 787.1 0.0 3.84 2.6 32.0 12 SSW Max >= 90.0: 0 Max <= 32.0: 2 Min <= 32.0: 19 Min <= 0.0: 0 Max Rain: 1.58 ON 12/23/17 Days of Rain: 7 (>.01 in) 4 (>.1 in) 1 (>1 in) Heat Base: 65.0 Cool Base: 65.0 Method: (High + Low) / 2